s divided by 1717?
781
What is the remainder when 72575 is divided by 20?
15
What is the remainder when 34053 is divided by 3403?
23
Calculate the remainder when 8103 is divided by 646.
351
What is the remainder when 18969 is divided by 51?
48
Calculate the remainder when 2778076 is divided by 503.
7
What is the remainder when 2596939 is divided by 81?
79
Calculate the remainder when 2555 is divided by 1273.
9
What is the remainder when 1959 is divided by 362?
149
What is the remainder when 5043 is divided by 717?
24
What is the remainder when 14561 is divided by 909?
17
Calculate the remainder when 368703 is divided by 358.
321
Calculate the remainder when 1345 is divided by 239.
150
What is the remainder when 2956 is divided by 47?
42
Calculate the remainder when 704784 is divided by 234928.
0
What is the remainder when 423 is divided by 170?
83
What is the remainder when 2837832 is divided by 2205?
2202
What is the remainder when 2319 is divided by 69?
42
Calculate the remainder when 324544 is divided by 28.
24
Calculate the remainder when 8895 is divided by 501.
378
Calculate the remainder when 466955 is divided by 327.
326
What is the remainder when 26777 is divided by 1779?
92
Calculate the remainder when 99296 is divided by 49641.
14
What is the remainder when 12863 is divided by 183?
53
What is the remainder when 14947 is divided by 4965?
52
Calculate the remainder when 59073 is divided by 14699.
277
Calculate the remainder when 5056 is divided by 389.
388
Calculate the remainder when 1458731 is divided by 86.
85
Calculate the remainder when 178510 is divided by 52.
46
Calculate the remainder when 6292 is divided by 190.
22
Calculate the remainder when 5138 is divided by 5129.
9
Calculate the remainder when 25145 is divided by 4931.
490
What is the remainder when 53361 is divided by 179?
19
Calculate the remainder when 13915 is divided by 687.
175
Calculate the remainder when 111856 is divided by 1776.
1744
Calculate the remainder when 1861142 is divided by 247.
244
Calculate the remainder when 34048 is divided by 15.
13
What is the remainder when 106773 is divided by 67?
42
What is the remainder when 9032 is divided by 169?
75
Calculate the remainder when 1474 is divided by 36.
34
Calculate the remainder when 90925 is divided by 16.
13
Calculate the remainder when 228018 is divided by 877.
875
What is the remainder when 111801 is divided by 18?
3
Calculate the remainder when 139 is divided by 75.
64
What is the remainder when 12064 is divided by 21?
10
What is the remainder when 3684 is divided by 1197?
93
What is the remainder when 10137 is divided by 843?
21
What is the remainder when 100313 is divided by 304?
297
Calculate the remainder when 5629 is divided by 351.
13
Calculate the remainder when 937575 is divided by 234393.
3
Calculate the remainder when 889 is divided by 103.
65
What is the remainder when 258214 is divided by 174?
172
What is the remainder when 18183 is divided by 3024?
39
Calculate the remainder when 36716 is divided by 120.
116
What is the remainder when 822107 is divided by 84?
83
What is the remainder when 18310 is divided by 661?
463
Calculate the remainder when 12195 is divided by 1532.
1471
What is the remainder when 63781 is divided by 134?
131
What is the remainder when 1590 is divided by 26?
4
Calculate the remainder when 326615 is divided by 744.
743
What is the remainder when 6247 is divided by 391?
382
What is the remainder when 319751 is divided by 74?
71
Calculate the remainder when 23917 is divided by 258.
181
Calculate the remainder when 78265 is divided by 43.
5
What is the remainder when 1610892 is divided by 20?
12
Calculate the remainder when 8251 is divided by 1364.
67
Calculate the remainder when 32022 is divided by 134.
130
What is the remainder when 159578 is divided by 316?
314
What is the remainder when 16831 is divided by 1866?
37
What is the remainder when 587005 is divided by 131?
125
Calculate the remainder when 32519 is divided by 516.
11
What is the remainder when 1229101 is divided by 254?
249
Calculate the remainder when 675 is divided by 41.
19
What is the remainder when 10585 is divided by 17?
11
Calculate the remainder when 42980 is divided by 551.
2
Calculate the remainder when 13567 is divided by 13544.
23
What is the remainder when 40730 is divided by 18?
14
Calculate the remainder when 26435 is divided by 465.
395
What is the remainder when 27899 is divided by 436?
431
Calculate the remainder when 3986 is divided by 299.
99
What is the remainder when 137903 is divided by 246?
143
Calculate the remainder when 78870 is divided by 6062.
64
What is the remainder when 51115 is divided by 5110?
15
Calculate the remainder when 4858 is divided by 180.
178
Calculate the remainder when 1626 is divided by 799.
28
Calculate the remainder when 155561 is divided by 62.
3
What is the remainder when 30041 is divided by 3335?
26
Calculate the remainder when 214723 is divided by 387.
325
Calculate the remainder when 17661 is divided by 184.
181
What is the remainder when 9605 is divided by 4777?
51
Calculate the remainder when 29533 is divided by 45.
13
What is the remainder when 8817 is divided by 4385?
47
What is the remainder when 39930 is divided by 3327?
6
What is the remainder when 8484 is divided by 1211?
7
What is the remainder when 1178 is divided by 109?
88
Calculate the remainder when 59874 is divided by 59.
48
What is the remainder when 11223255 is divided by 41?
38
Calculate the remainder when 176521 is divided by 75.
46
What is the remainder when 169277 is divided by 115?
112
What is the remainder when 35173 is divided by 11633?
274
What is the remainder when 6024 is divided by 751?
16
What is the remainder when 5808 is divided by 808?
152
What is the remainder when 1205 is divided by 26?
9
What is the remainder when 3555 is divided by 199?
172
What is the remainder when 6268 is divided by 2872?
524
What is the remainder when 16738 is divided by 147?
127
What is the remainder when 80737 is divided by 117?
7
What is the remainder when 12942 is divided by 4237?
231
Calculate the remainder when 10034 is divided by 4946.
142
Calculate the remainder when 10422 is divided by 1737.
0
What is the remainder when 63884 is divided by 1457?
1233
Calculate the remainder when 17303 is divided by 467.
24
Calculate the remainder when 42453 is divided by 10609.
17
Calculate the remainder when 116027 is divided by 47.
31
Calculate the remainder when 46948 is divided by 28.
20
What is the remainder when 34784 is divided by 130?
74
Calculate the remainder when 155224 is divided by 176.
168
What is the remainder when 1822 is divided by 469?
415
What is the remainder when 9599 is divided by 4?
3
What is the remainder when 20610 is divided by 312?
18
Calculate the remainder when 334744 is divided by 18.
16
Calculate the remainder when 1894462 is divided by 1056.
1054
Calculate the remainder when 13173 is divided by 14.
13
Calculate the remainder when 3650 is divided by 67.
32
Calculate the remainder when 2123455 is divided by 19.
15
Calculate the remainder when 977105 is divided by 289.
285
Calculate the remainder when 3687 is divided by 1203.
78
What is the remainder when 6338 is divided by 1046?
62
What is the remainder when 15217 is divided by 15177?
40
Calculate the remainder when 945714 is divided by 26.
16
What is the remainder when 54809 is divided by 261?
260
Calculate the remainder when 5283 is divided by 351.
18
What is the remainder when 125603 is divided by 18?
17
What is the remainder when 15133 is divided by 368?
45
What is the remainder when 132997 is divided by 719?
701
Calculate the remainder when 8118 is divided by 181.
154
Calculate the remainder when 301 is divided by 82.
55
Calculate the remainder when 49885 is divided by 207.
205
Calculate the remainder when 321406 is divided by 186.
184
Calculate the remainder when 10395 is divided by 5114.
167
Calculate the remainder when 2431 is divided by 604.
15
Calculate the remainder when 53935 is divided by 26966.
3
What is the remainder when 151453 is divided by 1252?
1213
What is the remainder when 6036 is divided by 6030?
6
What is the remainder when 394411 is divided by 131464?
19
Calculate the remainder when 181684 is divided